 be -1*1/(3/24). Let r be 77/44 + (-2)/t. Let n(h) = -h + 1. What is n(r)?
-1
Let h(k) = -2*k - 3*k**2 + 5*k**2 + 3 - 2 + 11*k**3. Calculate h(1).
12
Let h(v) = -v**3 + 3*v**2 + 0 + 1 + v - 2*v**2. Suppose 0 = 2*p + 5*d - 33, -d + 2*d = p - 6. Suppose 0 = -3*i - 0*i + 5*g + 15, -3*g - p = -4*i. What is h(i)?
1
Let p = -2 - -6. Suppose -n = -p*n - 3. Let b(z) = 0 + 9*z - 1 - 3*z. Calculate b(n).
-7
Let s(a) = -a + 7. Let y be s(7). Let r(j) = -j. Let x be r(-2). Let i(n) = x - 3*n - 3*n + 5*n. Calculate i(y).
2
Let t(q) = -5*q + 4*q - 5 + 2 + 2. Determine t(5).
-6
Let n(x) = 2 + 2 - 4 - 2*x. Let o(k) = -k**3 - k**2 + 4*k - 3. Let t be o(2). Let c = 11 + t. Calculate n(c).
-8
Let u(y) = -3*y + y + y - y**2 - 1. Let q = 9 - 11. What is u(q)?
-3
Let l = -1 + 3. Suppose -l*t = t + 6. Let u(o) = 2*o**2 - o - 5*o**2 - o**2 + 5*o**2. What is u(t)?
6
Let f(y) be the third derivative of -y**6/120 - y**5/20 - y**4/8 - 2*y**3/3 + 2*y**2. Let j = -76 + 73. Calculate f(j).
5
Let f(b) = -b**2 + 12*b - 19. Let j(s) = s**2 - 12*s + 21. Let q(k) = 4*f(k) + 3*j(k). Determine q(11).
-2
Let a(r) = -r**3 + 5*r**2 - 3*r + 7. Suppose -2*j + 20 = -0*s + 3*s, 5*j = 4*s + 50. Let f be j/2 + 2 + -2. What is a(f)?
-8
Let r(z) be the first derivative of z**5/20 + z**4/6 - 2*z**3/3 - z**2 - 2*z + 1. Let t(y) be the first derivative of r(y). What is t(-3)?
1
Let a(d) = -2*d**3 - 3*d**2 - d. Let s be 6/(-33) - 72/(-33). Suppose 10 = 3*f - s*f. Let m be (-11)/5 - (-2)/f. Give a(m).
6
Suppose 9*a = 11*a + 8. Let c be -5 - a - 1/(-1). Let q(y) = -2 + c - 5 + y. Give q(5).
-2
Let l be 1 - -1*2*1. Let q(d) = -d. Let p(r) = r**2 - 3*r - 3. Let y(g) = -p(g) + 3*q(g). Give y(l).
-6
Suppose 4*p - 25 = -1. Let j(x) = -x**2 + 4*x + 6. Calculate j(p).
-6
Let m(o) = -9*o**3 - o**2 + 5*o + 7. Let u be (-2)/(-6) - (-20)/(-6). Let s(r) = -5*r**3 + 3*r + 4. Let c(l) = u*m(l) + 5*s(l). Calculate c(-2).
-5
Suppose 4*u = -u - 20. Let l(z) be the first derivative of z**4/4 + z**3 - 3*z**2/2 - 4*z - 2. What is l(u)?
-8
Let t(g) be the second derivative of -g**5/20 - 3*g**4/4 - 4*g**3/3 + 5*g**2/2 - 13*g. Determine t(-8).
5
Let r(h) be the first derivative of h**3/3 - h**2 + 4*h + 20. Calculate r(-3).
19
Let k = 17 + -10. Let n(u) = -u**2 + 6*u + 9. Let j(g) = -g**2 + 5*g + 8. Let y(x) = k*j(x) - 6*n(x). Determine y(0).
2
Let v(t) be the first derivative of -3*t**2/2 - t + 8. What is v(-3)?
8
Let d(g) be the third derivative of -g**4/24 + g**3/3 - 14*g**2. What is d(-7)?
9
Let r(o) be the first derivative of o**2/2 + 3*o + 7. Determine r(5).
8
Let m(d) = -41*d**3 + 0 - 8*d + 4 + 6*d**2 + 40*d**3. Let y = 0 - -5. What is m(y)?
-11
Let p(b) = -2*b**2 + 3*b - 7. Let j(w) = 1. Let d be 2 - 1 - -4 - 0. Suppose 3*g = -3 + 18, 22 = 3*u + d*g. Let k(q) = u*p(q) - 6*j(q). Calculate k(2).
3
Suppose 59*d = 60*d - 3. Let i(u) be the second derivative of d*u + 3*u**2 + 0 + 1/6*u**3. Determine i(-5).
1
Let n be 4*(-3 - 26/(-8)). Suppose -n = 2*m + 1. Let k(u) = -6*u + 1. Give k(m).
7
Let v(o) = -o**2 + 4*o - 5. Let k = 1 - 11. Let t be 106/k - (-15)/25. Let n(j) = -j - 5. Let l be n(t). Give v(l).
-10
Let b = 113/4 + -28. Let p(q) be the second derivative of 0 - 2*q + b*q**4 + 0*q**2 - 1/6*q**3 - 1/20*q**5. What is p(1)?
1
Let x = -1 + -2. Let m be (-3 - -2)*(0 + x). Let q(d) = -m*d**2 + 4*d**2 + 4*d**2 + 2 - d**3 - 4*d - 3*d**2. Give q(2).
-6
Suppose 5*p + 3*t = 16, p - 4*p = -4*t + 2. Let n(h) = -4 - 2*h**2 - p - h + 8*h + 2. Calculate n(4).
-8
Let a(q) = 5*q**3 - 2*q**2 + 2*q - 1. Let d = 32 + -31. Calculate a(d).
4
Let i(a) be the third derivative of -a**6/120 + a**5/12 - a**4/8 + a**3/2 + 36*a**2. Calculate i(5).
-12
Let j = -90 - -84. Let a(n) = n**3 + 6*n**2 - 4. Give a(j).
-4
Let j be (-2 + 16/10)*-15. Let q(f) = 3*f + f**2 - j - f - 3*f. Calculate q(0).
-6
Let h be (-14)/14 - 4/(-3). Let m(u) be the first derivative of 5/2*u**2 - 2 + 3*u - h*u**3. Give m(5).
3
Let w be -1 + 2 + -1 + 1. Suppose 0 = -2*p - 2*y - 2, 3*p - 2*y - 12 = -0*y. Suppose -w = p*c + 1. Let q(z) = -2*z**2 - 1. Give q(c).
-3
Let r(l) = -l**3 - l**2 + 2*l + 1. Let g be r(2). Let o(i) = -i**2 - 7*i + 7. Determine o(g).
7
Let h(a) be the first derivative of -6*a**2 - a + 28. Give h(1).
-13
Let o(x) = -x + 1. Let z = -24 + 30. Determine o(z).
-5
Let b = -3 + 7. Suppose -q = -3*t, -q - b*t = -5*t. Let a(g) = g + 1. What is a(q)?
1
Let t(h) = h**2 + 7*h + 2. Let l(d) = d**2 + 8*d + 2. Let y be l(-7). What is t(y)?
-8
Let w(m) = -m**2 + m + 1. Let x(y) = -3*y**2 - 6*y + 1. Let p(b) = 2*b**2 + 3*b - 1. Let f(a) = 11*p(a) + 6*x(a). Let c(l) = f(l) + 2*w(l). Calculate c(3).
12
Suppose 0*b + 2*b - 4 = 0. Let w(z) = -9*z**2 - 2*z + 10*z**b + 3*z. Suppose -4*k + 0 - 4 = -g, 3*g + 16 = -2*k. Determine w(k).
2
Let w(p) = p**2 - 4*p - 3. Let u(y) = y**2 - 3*y - 3. Let x(b) = 2*u(b) - 3*w(b). Let s(o) be the first derivative of x(o). Give s(5).
-4
Let r(j) = -j**2 + 16*j + 15. Let z be r(17). Let b(x) = x + 2. Calculate b(z).
0
Let l(m) = m**2 - m - 11. Suppose 0 = 2*v - 4*v. Give l(v).
-11
Let b(c) = -c**2 - c**3 + 4*c + 1 - 2*c**3 + 3*c**2 + 2*c**3. Let x be (-6)/4*(-4 - -2). Determine b(x).
4
Let i be 0 + 0/(2/1). Let r(a) be the third derivative of i*a - 1/120*a**6 + 1/6*a**3 - 1/10*a**5 - 3*a**2 + 0 - 5/24*a**4. Calculate r(-5).
1
Suppose 0 = r - 1 + 3. Let o(z) = -30*z**2 - 3 - 2*z + 58*z**2 + 0*z - 29*z**2. Give o(r).
-3
Let i(s) = 30 + s**3 - 3*s + 27 - 2*s**2 - 2*s**2 - 60. Calculate i(5).
7
Let w(b) = b - 5. Let a(c) = 2*c + 18. Let z be a(-11). Determine w(z).
-9
Let p(x) = x + 3. Let g = 29 - 39. Calculate p(g).
-7
Let i be (-2)/(-4)*(9 - 1). Let s(h) be the first derivative of 0*h**2 - 23 + 5*h + 21 - h**2. Determine s(i).
-3
Let v be 10/(-6)*(0 - 3). Let h(c) be the third derivative of 1/15*c**5 + 0 + 1/6*c**4 + 0*c + 7/6*c**3 - 1/120*c**6 + c**2. What is h(v)?
2
Let v(o) = -o**2 - 8*o - 11. Let y be v(-5). Let z(a) be the third derivative of 0*a + 5/24*a**y - a**2 - 1/60*a**5 + 0 - 1/2*a**3. Give z(5).
-3
Let t(l) = -10*l - 3. Suppose -3*o - 5*v = 21, -2*o - 4*v - 7 = 9. What is t(o)?
17
Let r(o) = o**2 + 5*o + 3. Let i(w) = w**3 + 6*w**2 - 6*w. Let a be i(-7). Let j = 3 + a. Give r(j).
-1
Suppose -10 = -2*n + 2*w + 6, -n + 13 = -2*w. Let r(o) = o**3 - 3*o**2 + o + 2. Calculate r(n).
5
Let i(o) = -o**3 + 9*o**2. Suppose l + 5*u - 10 = -16, -5*l + 57 = -4*u. Determine i(l).
0
Let c(y) = -13*y - 4. Let r(d) = -27*d - 7. Let s(i) = -5*c(i) + 3*r(i). Give s(-1).
15
Suppose u = 0, 0*w - 5*u = -5*w - 20. Let p(y) = -4*y**2 + 19*y + 6. Let t(k) = -3*k**2 + 13*k + 4. Let r(m) = -5*p(m) + 7*t(m). What is r(w)?
-2
Let r(k) be the second derivative of k**5/20 - 2*k**4/3 + 7*k**3/6 - k**2/2 + 3*k. Let g be r(7). Let o(s) = -s**2 - s. Calculate o(g).
0
Let r(f) = 4*f. Let c be r(1). Let o(b) = -2*b - 3*b + c*b - 1. Determine o(-1).
0
Let u(s) = 3*s**3 - 9*s**2 - 3*s. Let l(q) = 9*q**3 - 26*q**2 - 8*q. Let i(g) = 6*l(g) - 17*u(g). Calculate i(2).
18
Suppose 7 = c + 3. Suppose -x = -11 + c. Let v = 11 - x. Let f(y) = y**2 - 2*y - 4. Determine f(v).
4
Let k(o) be the first derivative of -o**2/2 + 24. Calculate k(-4).
4
Let m(g) = g**2 + 7*g + 2. Let c(r) = 4*r + 2. Let s be c(-2). Give m(s).
-4
Let f(n) = n**3 + n**2 - 2*n - 2. Let s be f(-2). Let x be s + (-9)/(-3) - -1. Suppose 0 = x*j - 3 - 7. Let k(p) = -p + 8. What is k(j)?
3
Let g(j) = j**2 + 1 - j**2 - j + j**2. Let y(z) = -z**3 + 5*z**2 + 8*z - 4. Let b be y(6). Suppose -d = -2*x + b, -d + 27 = -x + 6*x. Determine g(d).
3
Suppose 2*d = -d + 6. Let u(c) = -4 + 3*c + c**d - 2*c**2 + 8. What is u(5)?
-6
Let j(s) = -s**2 - 7*s - 3. Let v be j(-6). Let o(t) = t**3 - 8*t**2 - 4*t - 7. Let m = -5 + 6. Let d(k) = k**2 + 1. Let h(p) = m*o(p) + 6*d(p). Calculate h(v).
-4
Let j(d) = -d**2 + 4*d + 7. Let o be j(5). Let w(v) = -6*v + 3. What is w(o)?
-9
Let g(z) be the second derivative of -1/2*z**2 - 1/8*z**4 + 0 - 1/2*z**3 + 1/60*z**5 + z. Let w(v) be the first derivative of g(v). Give w(3).
-3
Let u(o) = -o**3 + 5*o**2 + 4. Suppose -96 = -w - 3*w. Let f = 5 + -7. Let x be (-2)/(w/15 + f). Give u(x).
4
Let o = 6 + -4. Let k = o - 8. Let b(a) = -7*a**3 - 19*a**2 - 9*a + 2. Let h(f) = 11*f**3 + 29*f**2 + 13*f - 3. Let p(z) = 8*b(z) + 5*h(z). What is p(k)?
7
Let b(t) be the first derivative of t**4/4 -